at is -2410 + 11502?
5052
In base 12, what is -945 + -a3?
-a28
In base 15, what is 16e1 - -e7?
17d8
In base 2, what is -100001 + 10101010000000101?
10101001111100100
In base 8, what is 25705 - -4?
25711
In base 2, what is 1001001000 + 110011?
1001111011
In base 5, what is -22413 + -3114?
-31032
In base 6, what is -10 + -42151?
-42201
In base 2, what is 10 - 1110000001?
-1101111111
In base 2, what is 1111 + -1010001000000?
-1010000110001
In base 15, what is 0 - -1dde?
1dde
In base 2, what is -101 + 101000100101100?
101000100100111
In base 13, what is 1 - -13766?
13767
In base 14, what is 3659 - -28?
3683
In base 7, what is 10153 - -3?
10156
In base 9, what is 102180 - -3?
102183
In base 12, what is 3 + 204953?
204956
In base 12, what is 1 + -a5b43?
-a5b42
In base 8, what is 255 - 33503?
-33226
In base 5, what is -432 + 121413?
120431
In base 5, what is 220 + -131?
34
In base 15, what is -656 - 9bd?
-1124
In base 5, what is 2 - -20333012?
20333014
In base 7, what is -1013645 - -5?
-1013640
In base 11, what is -13aa - -160?
-124a
In base 5, what is -31210 + 411?
-30244
In base 9, what is 67205 - 2?
67203
In base 7, what is 3560 - 6?
3551
In base 5, what is 1 - -130412330?
130412331
In base 11, what is -181 + -2a?
-200
In base 5, what is 11 - -1242340?
1242401
In base 5, what is -310120 - 1411?
-312031
In base 3, what is 21202 - 212212?
-121010
In base 13, what is 165 - 29?
139
In base 16, what is 14efd + -7?
14ef6
In base 7, what is 1345050 + 5?
1345055
In base 7, what is -20 + -3251?
-3301
In base 11, what is 4 + -29143?
-2913a
In base 7, what is 103 + 63?
166
In base 3, what is 12 - 1020121?
-1020102
In base 3, what is -1002212201 + -100?
-1002220001
In base 4, what is -11 - 2123013030?
-2123013101
In base 10, what is -2737 - -14?
-2723
In base 6, what is 3021 - 1034?
1543
In base 10, what is 1 + -9835?
-9834
In base 8, what is 17421 - 11?
17410
In base 15, what is -2ce2 - -5?
-2cdc
In base 7, what is 3651 - 3322?
326
In base 9, what is -7 - -1015?
1007
In base 12, what is 16 + -bb378?
-bb362
In base 16, what is -34 - -11f?
eb
In base 8, what is -572642 - 1?
-572643
In base 15, what is 3 - 822?
-81e
In base 5, what is 4012 - 1113?
2344
In base 12, what is 30654 + 3?
30657
In base 8, what is -3 + 2740154?
2740151
In base 8, what is -47 - -211?
142
In base 2, what is 111001111010000110 - -11?
111001111010001001
In base 14, what is 12199 - 4?
12195
In base 9, what is -740 - -1626?
776
In base 3, what is -110100022211 - 2?
-110100022220
In base 6, what is 152450 + 2?
152452
In base 7, what is 110341 - -153?
110524
In base 10, what is -16 + -1130?
-1146
In base 5, what is -443011 + 0?
-443011
In base 15, what is c7 - -114?
1db
In base 12, what is 1 - 575b7?
-575b6
In base 16, what is 4afe8 - -4?
4afec
In base 5, what is -1332234 - 4?
-1332243
In base 9, what is -1 + 543422?
543421
In base 4, what is 1 + -1213321?
-1213320
In base 9, what is 3 + 8607?
8611
In base 5, what is 333 + -3141?
-2303
In base 9, what is -1550142 + 3?
-1550138
In base 9, what is -75 + 23436?
23351
In base 9, what is 37 + 28265?
28313
In base 10, what is -71 - 613?
-684
In base 7, what is 1102366 + 13?
1102412
In base 13, what is 10 + -460a0?
-46090
In base 16, what is -2 - -348ea?
348e8
In base 9, what is 2 + 757876?
757878
In base 11, what is -951 + 1?
-950
In base 11, what is -21 + -1088?
-10a9
In base 7, what is -235 - -332?
64
In base 12, what is 3a909 - -2?
3a90b
In base 7, what is -3 + 5010?
5004
In base 15, what is 1337 - 24?
1313
In base 9, what is -2 + -28060?
-28062
In base 5, what is -10230321 + -13?
-10230334
In base 9, what is 175 + -15250?
-15064
In base 12, what is -4 - 54b304?
-54b308
In base 7, what is -4 + 111455?
111451
In base 9, what is 411 - -256?
667
In base 2, what is -11111000101 + 11001001?
-11011111100
In base 14, what is -16 + 19a7?
1991
In base 12, what is 5 + -13493b?
-134936
In base 3, what is 10001000001022 - -11?
10001000001110
In base 3, what is -202022 + -20?
-202112
In base 16, what is -2 - a38?
-a3a
In base 16, what is -170 - 8b?
-1fb
In base 4, what is -11020 - 201?
-11221
In base 2, what is -101011100 + 10000010001101?
1111100110001
In base 6, what is 35 + 2034?
2113
In base 9, what is -275 + 747?
462
In base 11, what is -437 + 142?
-2a5
In base 14, what is 34b3a + 3?
34b3d
In base 5, what is -24 + 231231?
231202
In base 10, what is 17050 + 3?
17053
In base 3, what is -100 + 222020?
221220
In base 11, what is 345a - 4?
3456
In base 4, what is 11301201 - -31?
11301232
In base 8, what is 0 + 7624?
7624
In base 10, what is -3 + 81151?
81148
In base 7, what is 2 - -10262140?
10262142
In base 6, what is 122 + 25042?
25204
In base 11, what is -4a8 - -129?
-37a
In base 11, what is 4 - -168?
171
In base 5, what is -234 - -1130323?
1130034
In base 4, what is 12010311 + -12?
12010233
In base 9, what is 3 + 3378?
3382
In base 15, what is 93 - 31?
62
In base 5, what is 10 + 341020?
341030
In base 6, what is 540 - -3203?
4143
In base 13, what is 0 + 732c?
732c
In base 10, what is -9 + -2857?
-2866
In base 10, what is -5 - -291840?
291835
In base 14, what is -1 + -c019?
-c01a
In base 16, what is 2 + -16b93?
-16b91
In base 5, what is -134 + -2141?
-2330
In base 2, what is 11101001 - -110000010?
1001101011
In base 2, what is -10010000011010001 + 100?
-10010000011001101
In base 6, what is -123 - 2002?
-2125
In base 3, what is 100212201210001 - 1?
100212201210000
In base 16, what is -13718 - -1?
-13717
In base 4, what is -322 - 12002?
-12330
In base 10, what is 167 + 138?
305
In base 12, what is 39b5 + -45b?
3556
In base 5, what is -323221 - -1?
-323220
In base 5, what is 13 - 1313144?
-1313131
In base 13, what is 3 + 2503?
2506
In base 5, what is -440033 + 10?
-440023
In base 3, what is -10122 + -1110101?
-1121000
In base 10, what is -9739 - -13?
-9726
In base 5, what is -2 + 4120304?
4120302
In base 7, what is -423566 + -5?
-423604
In base 14, what is -157 - -207?
90
In base 11, what is -312a2 - 13?
-31305
In base 12, what is -55 + 1206?
1171
In base 13, what is -5 + 187897?
187892
In base 8, what is -60 + -2122?
-2202
In base 10, what is 264 + 2524?
2788
In base 6, what is 2254101 - 14?
2254043
In base 4, what is -21112013 + 10?
-21112003
In base 2, what is 11010011101 - 11101011?
10110110010
In base 4, what is 2 - 3021321?
-3021313
In base 8, what is -6 - 206214?
-206222
In base 13, what is 504 + 2a?
531
In base 2, what is 10001000110110 + 10011?
10001001001001
In base 13, what is -c + -213a?
-2149
In base 16, what is 1c0a + 68?
1c72
In base 3, what is -202122220102 - 0?
-202122220102
In base 5, what is 32 - 30132?
-30100
In base 8, what is -2 + -1573101?
-1573103
In base 2, what is 111111 - 101001100001?
-101000100010
In base 16, what is -55066 + -4?
-5506a
In base 8, what is -142 - 26?
-170
In base 3, what is 2 - 210100012012?
-210100012010
In base 5, what is 30102 + -31?
30021
In base 2, what is -1110 + 11100101011011?
11100101001101
In base 12, what is -41596 - -1b?
-41577
In base 9, what is -414811 + 13?
-414787
In base 3, what is 110012 - -10?
110022
In base 4, what is 1102000233 - -10?
1102000303
In base 9, what is -24 - -1368?
1344
In base 10, what is -5 + 1761899?
1761894
In base 13, what is -1 + -1bb7?
-1bb8
In base 16, what is -1e92 - 3?
-1e95
In base 14, what is -2 + 4cbd6?
4cbd4
In base 13, what is 675c + -23?
6739
In base 13, what is 11b4 + 78?
125c
In base 10, what is 909719 + 4?
909723
In base 16, what is 4 + 137b3?
137b7
In base 7, what is -1650 - 22030?
-24010
In base 7, what is 164 - -6301?
6465
In base 5, what is 1433131 - 3?
1433123
In base 12, what is -24b - -11ba?
b6b
In base 7, what is 15160 - 46?
15111
In base 15, what is -20 - -117?
e7
In base 3, what is -1000120121111 - 1?
-1000120121112
In base 5, what is 10 - -120400130?
120400140
In base 7, what is 24551 + -10?
24541
In base 8, what is -1 - -22305?
22304
In base 16, what is 435 - -56?
48b
In base 16, what is 1 - -da?
db
In base 13, what is 21a3 - -23?
21c6
In base 9, what is -306051 + 5?
-306045
In base 8, what is -4 - -1705316?
1705312
In base 7, what is 1 + -5360663?
-5360662
In base 8, what is 676445 + -3?
676442
In base 11, what is -3347627 - -5?
-3347622
In base 10, what is -5805 + 7?
-5798
In base 2, what is -10100 + 11110000111?
11101110011
In base 16, what is